s the hundreds digit of 3677?
6
What is the tens digit of 1737?
3
What is the units digit of 1671?
1
What is the tens digit of 11845?
4
What is the thousands digit of 2445?
2
What is the thousands digit of 4381?
4
What is the hundreds digit of 3398?
3
What is the hundreds digit of 7898?
8
What is the tens digit of 28996?
9
What is the tens digit of 101?
0
What is the hundreds digit of 5078?
0
What is the tens digit of 117?
1
What is the units digit of 1010?
0
What is the hundreds digit of 7896?
8
What is the hundreds digit of 785?
7
What is the thousands digit of 1364?
1
What is the hundreds digit of 2044?
0
What is the units digit of 49?
9
What is the hundreds digit of 3390?
3
What is the thousands digit of 96946?
6
What is the hundreds digit of 972?
9
What is the ten thousands digit of 23496?
2
What is the hundreds digit of 9447?
4
What is the units digit of 52230?
0
What is the units digit of 4945?
5
What is the tens digit of 30418?
1
What is the thousands digit of 61295?
1
What is the tens digit of 1352?
5
What is the units digit of 733?
3
What is the units digit of 1789?
9
What is the tens digit of 3268?
6
What is the units digit of 613?
3
What is the tens digit of 6747?
4
What is the units digit of 1607?
7
What is the thousands digit of 30220?
0
What is the units digit of 2164?
4
What is the thousands digit of 102146?
2
What is the units digit of 789?
9
What is the thousands digit of 7964?
7
What is the tens digit of 1723?
2
What is the units digit of 115334?
4
What is the ten thousands digit of 22858?
2
What is the tens digit of 6734?
3
What is the thousands digit of 27043?
7
What is the hundreds digit of 217?
2
What is the units digit of 8383?
3
What is the units digit of 546?
6
What is the units digit of 2975?
5
What is the hundreds digit of 248?
2
What is the hundreds digit of 16141?
1
What is the thousands digit of 18677?
8
What is the thousands digit of 31403?
1
What is the units digit of 25645?
5
What is the hundreds digit of 2715?
7
What is the hundreds digit of 7065?
0
What is the thousands digit of 1766?
1
What is the units digit of 1260?
0
What is the tens digit of 8485?
8
What is the units digit of 535?
5
What is the hundreds digit of 1255?
2
What is the tens digit of 2206?
0
What is the ten thousands digit of 17707?
1
What is the tens digit of 859?
5
What is the hundred thousands digit of 142283?
1
What is the tens digit of 24915?
1
What is the tens digit of 954?
5
What is the units digit of 1636?
6
What is the units digit of 19897?
7
What is the units digit of 1172?
2
What is the units digit of 1010?
0
What is the tens digit of 158?
5
What is the thousands digit of 79595?
9
What is the thousands digit of 1277?
1
What is the hundreds digit of 79207?
2
What is the tens digit of 56983?
8
What is the tens digit of 37890?
9
What is the units digit of 488?
8
What is the units digit of 1081?
1
What is the ten thousands digit of 11426?
1
What is the tens digit of 22239?
3
What is the units digit of 21635?
5
What is the units digit of 2171?
1
What is the hundreds digit of 8224?
2
What is the units digit of 610?
0
What is the thousands digit of 7987?
7
What is the tens digit of 3298?
9
What is the ten thousands digit of 74168?
7
What is the ten thousands digit of 58410?
5
What is the units digit of 1814?
4
What is the hundreds digit of 771?
7
What is the hundreds digit of 883?
8
What is the tens digit of 164143?
4
What is the hundreds digit of 3252?
2
What is the units digit of 3254?
4
What is the hundreds digit of 25360?
3
What is the hundreds digit of 1518?
5
What is the units digit of 4623?
3
What is the tens digit of 401?
0
What is the tens digit of 325?
2
What is the hundreds digit of 9591?
5
What is the thousands digit of 1756?
1
What is the tens digit of 1007?
0
What is the tens digit of 36989?
8
What is the tens digit of 25449?
4
What is the hundreds digit of 18469?
4
What is the tens digit of 18425?
2
What is the hundreds digit of 29142?
1
What is the tens digit of 1561?
6
What is the thousands digit of 116519?
6
What is the hundreds digit of 638?
6
What is the thousands digit of 3284?
3
What is the units digit of 11849?
9
What is the units digit of 2353?
3
What is the thousands digit of 27202?
7
What is the thousands digit of 17845?
7
What is the tens digit of 15473?
7
What is the tens digit of 42058?
5
What is the units digit of 4688?
8
What is the units digit of 592?
2
What is the tens digit of 22781?
8
What is the tens digit of 21994?
9
What is the tens digit of 9434?
3
What is the hundreds digit of 29936?
9
What is the hundreds digit of 30390?
3
What is the thousands digit of 17997?
7
What is the units digit of 10016?
6
What is the units digit of 18175?
5
What is the units digit of 138733?
3
What is the tens digit of 5800?
0
What is the thousands digit of 7315?
7
What is the units digit of 5805?
5
What is the units digit of 493?
3
What is the tens digit of 2052?
5
What is the tens digit of 1688?
8
What is the thousands digit of 8412?
8
What is the hundreds digit of 2615?
6
What is the thousands digit of 14668?
4
What is the thousands digit of 7263?
7
What is the hundreds digit of 2126?
1
What is the units digit of 3223?
3
What is the thousands digit of 11568?
1
What is the thousands digit of 34618?
4
What is the thousands digit of 8802?
8
What is the tens digit of 15389?
8
What is the tens digit of 1873?
7
What is the tens digit of 1441?
4
What is the tens digit of 37?
3
What is the tens digit of 7879?
7
What is the tens digit of 620?
2
What is the units digit of 22060?
0
What is the tens digit of 166627?
2
What is the units digit of 72?
2
What is the tens digit of 25177?
7
What is the tens digit of 534?
3
What is the thousands digit of 107528?
7
What is the units digit of 1613?
3
What is the units digit of 23554?
4
What is the tens digit of 1435?
3
What is the units digit of 9268?
8
What is the tens digit of 6705?
0
What is the hundreds digit of 7708?
7
What is the thousands digit of 24560?
4
What is the units digit of 5163?
3
What is the ten thousands digit of 72947?
7
What is the thousands digit of 108151?
8
What is the tens digit of 37034?
3
What is the units digit of 2242?
2
What is the thousands digit of 3491?
3
What is the thousands digit of 1405?
1
What is the ten thousands digit of 37098?
3
What is the tens digit of 12561?
6
What is the thousands digit of 1806?
1
What is the hundreds digit of 3475?
4
What is the tens digit of 110137?
3
What is the units digit of 757?
7
What is the hundreds digit of 1746?
7
What is the hundreds digit of 32910?
9
What is the thousands digit of 8620?
8
What is the ten thousands digit of 29787?
2
What is the units digit of 384?
4
What is the units digit of 747?
7
What is the thousands digit of 29802?
9
What is the units digit of 821?
1
What is the hundreds digit of 14545?
5
What is the tens digit of 300?
0
What is the units digit of 7454?
4
What is the tens digit of 13399?
9
What is the hundreds digit of 19331?
3
What is the hundreds digit of 2739?
7
What is the units digit of 5527?
7
What is the units digit of 2967?
7
What is the thousands digit of 2086?
2
What is the thousands digit of 2448?
2
What is the thousands digit of 21576?
1
What is the units digit of 749?
9
What is the thousands digit of 81729?
1
What is the tens digit of 2322?
2
What is the hundreds digit of 147?
1
What is the tens digit of 893?
9
What is the units digit of 15679?
9
What is the ten thousands digit of 60256?
6
What is the tens digit of 50616?
1
What is the units digit of 1550?
0
What is the thousands digit of 1794?
1
What is the units digit of 1655?
5
What is the thousands digit of 1036?
1
What is the thousands digit of 9545?
9
What is the tens digit of 10016?
1
What is the tens digit of 887?
8
What is the units digit of 12918?
8
What is the hundreds digit of 8596?
5
What is the units digit of 163199?
9
What is the units digit of 36646?
6
What is the tens digit of 32672?
7
What is the units digit of 52?
2
What is the ten thousands digit of 31352?
3
What is the hundreds digit of 6865?
8
What is the tens digit of 882?
8
What is the tens digit of 1203?
0
What is the units digit of 12937?
7
What is the hundreds digit of 9726?
7
What is the ten thousands digit of 63510?
6
What is the units digit of 2592?